lculate the greatest common divisor of 189696 and 208.
208
What is the greatest common divisor of 169039 and 195?
13
Calculate the greatest common divisor of 7843770 and 456.
114
What is the greatest common divisor of 349 and 35249?
349
Calculate the highest common factor of 10191 and 1185.
237
Calculate the greatest common factor of 9449 and 55.
11
What is the greatest common factor of 2020 and 438845?
505
What is the greatest common factor of 167 and 691213?
167
What is the greatest common factor of 9017 and 6096?
127
What is the greatest common divisor of 2486 and 2222?
22
Calculate the greatest common factor of 12870 and 7830.
90
What is the highest common divisor of 30 and 13224270?
30
Calculate the highest common divisor of 24494 and 5846.
74
What is the greatest common divisor of 69 and 48162?
69
What is the highest common factor of 3536 and 325?
13
Calculate the greatest common factor of 9629 and 24.
1
Calculate the greatest common factor of 48 and 84144.
48
What is the greatest common factor of 96 and 2048?
32
What is the highest common divisor of 7695 and 4455?
405
Calculate the greatest common divisor of 3043 and 76970.
179
Calculate the greatest common divisor of 13349 and 112.
7
What is the highest common factor of 351150 and 90?
30
What is the highest common divisor of 627239 and 797?
797
Calculate the greatest common factor of 10452 and 607087.
871
What is the greatest common factor of 528 and 2739?
33
Calculate the highest common factor of 105 and 26475.
15
Calculate the highest common divisor of 43893 and 45.
9
Calculate the greatest common divisor of 2850 and 1650.
150
Calculate the greatest common factor of 30850 and 450.
50
Calculate the highest common factor of 732021 and 206.
103
Calculate the highest common factor of 199 and 164573.
199
What is the highest common divisor of 25901 and 5707?
439
What is the greatest common factor of 12 and 10198116?
12
What is the greatest common divisor of 56380 and 10?
10
Calculate the greatest common factor of 7 and 686168.
7
What is the highest common factor of 13893 and 3300?
33
What is the greatest common divisor of 12 and 652692?
12
What is the greatest common factor of 36 and 52616?
4
Calculate the highest common factor of 16997 and 17736.
739
What is the highest common factor of 122413 and 14181?
163
Calculate the highest common factor of 140316 and 44.
44
Calculate the greatest common factor of 166520 and 2645.
115
What is the highest common divisor of 121420 and 1950?
130
Calculate the greatest common divisor of 1452 and 11946.
66
What is the highest common factor of 329604 and 264?
132
What is the greatest common divisor of 14872 and 352?
88
Calculate the highest common factor of 690 and 115.
115
Calculate the greatest common factor of 368 and 13136.
16
Calculate the greatest common divisor of 250 and 36625.
125
What is the greatest common divisor of 18540 and 6592?
412
Calculate the highest common factor of 636 and 1282812.
636
What is the greatest common divisor of 2236 and 13624?
52
What is the greatest common divisor of 43 and 4557226?
43
Calculate the highest common divisor of 496351 and 822.
137
What is the highest common factor of 637040 and 80?
80
What is the highest common factor of 3 and 147?
3
Calculate the highest common divisor of 11 and 187.
11
Calculate the highest common divisor of 80348 and 64.
4
Calculate the highest common factor of 1018 and 2402480.
1018
What is the greatest common divisor of 111602 and 123?
41
Calculate the highest common divisor of 28 and 2807.
7
Calculate the greatest common factor of 217 and 118420.
31
Calculate the highest common divisor of 46596 and 176.
44
Calculate the greatest common divisor of 3 and 59091.
3
Calculate the greatest common factor of 9111410 and 770.
770
Calculate the highest common divisor of 60 and 12570.
30
What is the greatest common divisor of 7876 and 11044?
44
Calculate the greatest common factor of 570 and 72656.
38
Calculate the highest common divisor of 468 and 34112.
52
What is the greatest common divisor of 1106929 and 37?
37
Calculate the highest common divisor of 14628 and 46092.
276
Calculate the greatest common factor of 301 and 198359.
301
What is the greatest common factor of 8503 and 11?
11
Calculate the highest common factor of 196730 and 4202.
382
What is the greatest common factor of 5577758 and 1186?
1186
What is the greatest common factor of 4339075 and 325?
325
What is the highest common divisor of 142 and 182399?
71
Calculate the highest common divisor of 156 and 113244.
12
What is the highest common factor of 216 and 2258307?
27
Calculate the highest common divisor of 95 and 8018.
19
Calculate the greatest common factor of 12834 and 3933.
207
Calculate the highest common factor of 19 and 14117.
19
Calculate the greatest common divisor of 110172 and 1428.
12
Calculate the highest common factor of 913383 and 81.
27
Calculate the highest common divisor of 105338 and 62.
62
Calculate the greatest common divisor of 75199 and 973.
139
Calculate the greatest common divisor of 60165 and 15.
15
Calculate the highest common divisor of 4082 and 299.
13
What is the greatest common divisor of 47332 and 52?
4
What is the greatest common factor of 238160 and 351?
13
Calculate the highest common divisor of 2162963 and 33.
11
What is the greatest common divisor of 10863 and 36873?
153
Calculate the greatest common divisor of 92550 and 300.
150
Calculate the greatest common divisor of 102 and 71502.
102
What is the highest common divisor of 76398 and 321?
321
Calculate the greatest common factor of 69951 and 63.
21
What is the greatest common divisor of 66790 and 20?
10
Calculate the greatest common factor of 187630 and 1798.
58
What is the highest common divisor of 870 and 1863105?
435
Calculate the greatest common factor of 1630 and 21842.
326
Calculate the greatest common divisor of 124 and 385547.
31
Calculate the greatest common factor of 4644 and 1118.
86
What is the highest common factor of 303 and 3857998?
101
What is the greatest common factor of 87975 and 1425?
75
What is the highest common factor of 611 and 10951?
47
Calculate the highest common factor of 11803 and 727494.
1073
Calculate the greatest common factor of 27 and 771549.
3
Calculate the greatest common divisor of 209 and 189673.
11
What is the highest common divisor of 2125 and 76925?
425
Calculate the highest common factor of 58115 and 1379.
197
What is the highest common factor of 1524 and 4056?
12
What is the highest common factor of 39 and 53417?
13
Calculate the highest common factor of 3311 and 1309.
77
Calculate the greatest common divisor of 27 and 91710.
9
Calculate the highest common factor of 8619 and 3.
3
What is the highest common factor of 438 and 183?
3
Calculate the greatest common divisor of 455 and 56.
7
What is the highest common divisor of 126 and 10386?
18
What is the greatest common factor of 29770 and 780?
130
Calculate the greatest common factor of 4234 and 2628.
146
What is the highest common divisor of 32 and 9848?
8
Calculate the greatest common factor of 604 and 137712.
604
Calculate the greatest common divisor of 28731 and 1413.
471
Calculate the highest common divisor of 823041 and 9032.
1129
What is the highest common divisor of 159236 and 374?
22
What is the highest common factor of 1360 and 28400?
80
What is the highest common factor of 195204 and 12?
12
Calculate the greatest common divisor of 20 and 95252.
4
Calculate the greatest common factor of 498 and 579.
3
Calculate the highest common divisor of 4545 and 195.
15
What is the highest common factor of 3079120 and 880?
880
Calculate the highest common divisor of 221 and 10049.
13
What is the highest common factor of 15 and 20175?
15
What is the highest common divisor of 2010 and 3510?
30
Calculate the highest common factor of 11309 and 774.
43
What is the greatest common divisor of 939607 and 51?
17
Calculate the highest common divisor of 147 and 677439.
21
What is the greatest common divisor of 7260 and 114620?
220
What is the greatest common factor of 119976 and 24?
24
What is the highest common divisor of 79 and 5582377?
79
Calculate the highest common divisor of 322992 and 108.
36
Calculate the greatest common factor of 44 and 143737.
11
Calc